{"id":2156,"date":"2023-04-30T06:38:50","date_gmt":"2023-04-30T06:38:50","guid":{"rendered":"https:\/\/redlyne.ee\/?page_id=2156"},"modified":"2026-03-12T13:19:58","modified_gmt":"2026-03-12T13:19:58","slug":"about-us","status":"publish","type":"page","link":"https:\/\/redlyne.ee\/est\/about-us\/","title":{"rendered":"Meist"},"content":{"rendered":"<div data-elementor-type=\"wp-page\" data-elementor-id=\"2156\" class=\"elementor elementor-2156\">\n\t\t\t\t<div class=\"elementor-element elementor-element-282dec1 e-flex e-con-boxed e-con e-parent\" data-id=\"282dec1\" data-element_type=\"container\" data-e-type=\"container\">\n\t\t\t\t\t<div class=\"e-con-inner\">\n\t\t<div class=\"elementor-element elementor-element-6275988 e-con-full e-flex e-con e-child\" data-id=\"6275988\" data-element_type=\"container\" data-e-type=\"container\">\n\t\t\t\t<div class=\"elementor-element elementor-element-ddcdb52 elementor-widget elementor-widget-heading\" data-id=\"ddcdb52\" data-element_type=\"widget\" data-e-type=\"widget\" data-widget_type=\"heading.default\">\n\t\t\t\t\t<span class=\"elementor-heading-title elementor-size-default\">Meist<\/span>\t\t\t\t<\/div>\n\t\t\t\t<div class=\"elementor-element elementor-element-ae10102 elementor-widget elementor-widget-text-editor\" data-id=\"ae10102\" data-element_type=\"widget\" data-e-type=\"widget\" data-widget_type=\"text-editor.default\">\n\t\t\t\t\t\t\t\t\t<p>Eesti br\u00e4nd Redlyne on loodud neile, kes hindavad kvaliteeti.<span class=\"Apple-converted-space\">\u00a0<\/span><\/p><p class=\"translation-block\">Inspireerituna ideest, et elus v\u00f5iks k\u00f5ik olla ilus, on meie valgustid loodud mitte ainult valgustamiseks, vaid ka selleks, et muuta Sinu ilurutiin erilisemaks. Tahame, et igal\u00fchel oleks v\u00f5imalik tunda luksust igas p\u00e4evas.<\/p><p>Sest kvaliteet kuulub Sinu ilurutiini.<\/p>\t\t\t\t\t\t\t\t<\/div>\n\t\t\t\t<\/div>\n\t\t<div class=\"elementor-element elementor-element-41c86a6 e-con-full e-flex e-con e-child\" data-id=\"41c86a6\" data-element_type=\"container\" data-e-type=\"container\" data-settings=\"{&quot;background_background&quot;:&quot;classic&quot;}\">\n\t\t\t\t<\/div>\n\t\t\t\t\t<\/div>\n\t\t\t\t<\/div>\n\t\t<div class=\"elementor-element elementor-element-7a8bddf e-flex e-con-boxed e-con e-parent\" data-id=\"7a8bddf\" data-element_type=\"container\" data-e-type=\"container\">\n\t\t\t\t\t<div class=\"e-con-inner\">\n\t\t\t\t\t<\/div>\n\t\t\t\t<\/div>\n\t\t<div class=\"elementor-element elementor-element-40b8b42 e-flex e-con-boxed e-con e-parent\" data-id=\"40b8b42\" data-element_type=\"container\" data-e-type=\"container\">\n\t\t\t\t\t<div class=\"e-con-inner\">\n\t\t\t\t\t<\/div>\n\t\t\t\t<\/div>\n\t\t<div class=\"elementor-element elementor-element-b2e8c8e e-flex e-con-boxed e-con e-parent\" data-id=\"b2e8c8e\" data-element_type=\"container\" data-e-type=\"container\">\n\t\t\t\t\t<div class=\"e-con-inner\">\n\t\t\t\t<div class=\"elementor-element elementor-element-1f58b1b elementor-widget elementor-widget-ideapark-instagram\" data-id=\"1f58b1b\" data-element_type=\"widget\" data-e-type=\"widget\" data-widget_type=\"ideapark-instagram.default\">\n\t\t\t\t<div class=\"elementor-widget-container\">\n\t\t\t\t\t\t\t\t\t\t\t\t\t\t\t\t\t\t\t\t\t\t\t<div class=\"c-ip-instagram js-instagram\"><div class=\"c-ip-instagram__wrap\"><div class=\"c-ip-instagram__item c-ip-instagram__item--left-3\"><div class=\"c-ip-instagram__item_wrap\"><img fetchpriority=\"high\" decoding=\"async\" width=\"300\" height=\"398\" src=\"https:\/\/redlyne.ee\/wp-content\/uploads\/2026\/01\/12-300x398.jpg\" srcset=\"https:\/\/redlyne.ee\/wp-content\/uploads\/2026\/01\/12-300x398.jpg 300w, https:\/\/redlyne.ee\/wp-content\/uploads\/2026\/01\/12-600x796.jpg 600w, https:\/\/redlyne.ee\/wp-content\/uploads\/2026\/01\/12-9x12.jpg 9w, https:\/\/redlyne.ee\/wp-content\/uploads\/2026\/01\/12-145x192.jpg 145w, https:\/\/redlyne.ee\/wp-content\/uploads\/2026\/01\/12.jpg 736w\" sizes=\"(max-width: 300px) 100vw, 300px\" alt=\"-12\"\/><\/div><\/div><div class=\"c-ip-instagram__item c-ip-instagram__item--left-2\"><div class=\"c-ip-instagram__item_wrap\"><img decoding=\"async\" width=\"300\" height=\"444\" src=\"https:\/\/redlyne.ee\/wp-content\/uploads\/2026\/01\/7-300x444.jpg\" srcset=\"https:\/\/redlyne.ee\/wp-content\/uploads\/2026\/01\/7-300x444.jpg 300w, https:\/\/redlyne.ee\/wp-content\/uploads\/2026\/01\/7-600x888.jpg 600w, https:\/\/redlyne.ee\/wp-content\/uploads\/2026\/01\/7-8x12.jpg 8w, https:\/\/redlyne.ee\/wp-content\/uploads\/2026\/01\/7-145x215.jpg 145w, https:\/\/redlyne.ee\/wp-content\/uploads\/2026\/01\/7.jpg 735w\" sizes=\"(max-width: 300px) 100vw, 300px\" alt=\"-7\"\/><\/div><\/div><div class=\"c-ip-instagram__item c-ip-instagram__item--left-1\"><div class=\"c-ip-instagram__item_wrap\"><img decoding=\"async\" width=\"300\" height=\"300\" src=\"https:\/\/redlyne.ee\/wp-content\/uploads\/2026\/01\/11-300x300.jpg\" srcset=\"https:\/\/redlyne.ee\/wp-content\/uploads\/2026\/01\/11-300x300.jpg 300w, https:\/\/redlyne.ee\/wp-content\/uploads\/2026\/01\/11-100x100.jpg 100w, https:\/\/redlyne.ee\/wp-content\/uploads\/2026\/01\/11-12x12.jpg 12w, https:\/\/redlyne.ee\/wp-content\/uploads\/2026\/01\/11-200x200.jpg 200w, https:\/\/redlyne.ee\/wp-content\/uploads\/2026\/01\/11-145x145.jpg 145w, https:\/\/redlyne.ee\/wp-content\/uploads\/2026\/01\/11-50x50.jpg 50w, https:\/\/redlyne.ee\/wp-content\/uploads\/2026\/01\/11.jpg 600w\" sizes=\"(max-width: 300px) 100vw, 300px\" alt=\"-11\"\/><\/div><\/div><div class=\"c-ip-instagram__item c-ip-instagram__item--right-1\"><div class=\"c-ip-instagram__item_wrap\"><img loading=\"lazy\" decoding=\"async\" width=\"300\" height=\"364\" src=\"https:\/\/redlyne.ee\/wp-content\/uploads\/2026\/01\/9-1-300x364.jpg\" srcset=\"https:\/\/redlyne.ee\/wp-content\/uploads\/2026\/01\/9-1-300x364.jpg 300w, https:\/\/redlyne.ee\/wp-content\/uploads\/2026\/01\/9-1-600x727.jpg 600w, https:\/\/redlyne.ee\/wp-content\/uploads\/2026\/01\/9-1-10x12.jpg 10w, https:\/\/redlyne.ee\/wp-content\/uploads\/2026\/01\/9-1-145x176.jpg 145w, https:\/\/redlyne.ee\/wp-content\/uploads\/2026\/01\/9-1.jpg 735w\" sizes=\"(max-width: 300px) 100vw, 300px\" alt=\"-9\"\/><\/div><\/div><div class=\"c-ip-instagram__item c-ip-instagram__item--right-2\"><div class=\"c-ip-instagram__item_wrap\"><img loading=\"lazy\" decoding=\"async\" width=\"300\" height=\"370\" src=\"https:\/\/redlyne.ee\/wp-content\/uploads\/2026\/01\/10-300x370.jpg\" srcset=\"https:\/\/redlyne.ee\/wp-content\/uploads\/2026\/01\/10-300x370.jpg 300w, https:\/\/redlyne.ee\/wp-content\/uploads\/2026\/01\/10-600x740.jpg 600w, https:\/\/redlyne.ee\/wp-content\/uploads\/2026\/01\/10-10x12.jpg 10w, https:\/\/redlyne.ee\/wp-content\/uploads\/2026\/01\/10-145x179.jpg 145w, https:\/\/redlyne.ee\/wp-content\/uploads\/2026\/01\/10.jpg 736w\" sizes=\"(max-width: 300px) 100vw, 300px\" alt=\"-10\"\/><\/div><\/div><div class=\"c-ip-instagram__item c-ip-instagram__item--right-3\"><div class=\"c-ip-instagram__item_wrap\"><img loading=\"lazy\" decoding=\"async\" width=\"300\" height=\"514\" src=\"https:\/\/redlyne.ee\/wp-content\/uploads\/2026\/01\/8-300x514.jpg\" srcset=\"https:\/\/redlyne.ee\/wp-content\/uploads\/2026\/01\/8-300x514.jpg 300w, https:\/\/redlyne.ee\/wp-content\/uploads\/2026\/01\/8-600x1027.jpg 600w, https:\/\/redlyne.ee\/wp-content\/uploads\/2026\/01\/8-7x12.jpg 7w, https:\/\/redlyne.ee\/wp-content\/uploads\/2026\/01\/8-145x248.jpg 145w, https:\/\/redlyne.ee\/wp-content\/uploads\/2026\/01\/8.jpg 736w\" sizes=\"(max-width: 300px) 100vw, 300px\" alt=\"-8\"\/><\/div><\/div><\/div><a href=\"https:\/\/www.instagram.com\/redlyne.eu\/\" target=\"_blank\"><div class=\"c-ip-instagram__info\"><div class=\"c-ip-instagram__title-wrap\"><i class=\"ip-instagram c-ip-instagram__logo\"><\/i><div class=\"c-ip-instagram__title\">Instagram<\/div><\/div><div class=\"c-ip-instagram__button\">J\u00e4lgi meid<\/div><\/div><\/a><\/div>\t\t\t\t<\/div>\n\t\t\t\t<\/div>\n\t\t\t\t\t<\/div>\n\t\t\t\t<\/div>\n\t\t\t\t<\/div>","protected":false},"excerpt":{"rendered":"<p>About redlyne Redlyne, an Estonia-based brand, is created for those who value quality.\u00a0 Inspired by the idea of&hellip;<\/p>","protected":false},"author":1,"featured_media":0,"parent":0,"menu_order":0,"comment_status":"closed","ping_status":"closed","template":"elementor_header_footer","meta":{"_monsterinsights_skip_tracking":false,"_monsterinsights_sitenote_active":false,"_monsterinsights_sitenote_note":"","_monsterinsights_sitenote_category":0,"footnotes":""},"class_list":["post-2156","page","type-page","status-publish","hentry"],"aioseo_notices":[],"jetpack_sharing_enabled":true,"_links":{"self":[{"href":"https:\/\/redlyne.ee\/est\/wp-json\/wp\/v2\/pages\/2156","targetHints":{"allow":["GET"]}}],"collection":[{"href":"https:\/\/redlyne.ee\/est\/wp-json\/wp\/v2\/pages"}],"about":[{"href":"https:\/\/redlyne.ee\/est\/wp-json\/wp\/v2\/types\/page"}],"author":[{"embeddable":true,"href":"https:\/\/redlyne.ee\/est\/wp-json\/wp\/v2\/users\/1"}],"replies":[{"embeddable":true,"href":"https:\/\/redlyne.ee\/est\/wp-json\/wp\/v2\/comments?post=2156"}],"version-history":[{"count":36,"href":"https:\/\/redlyne.ee\/est\/wp-json\/wp\/v2\/pages\/2156\/revisions"}],"predecessor-version":[{"id":3455,"href":"https:\/\/redlyne.ee\/est\/wp-json\/wp\/v2\/pages\/2156\/revisions\/3455"}],"wp:attachment":[{"href":"https:\/\/redlyne.ee\/est\/wp-json\/wp\/v2\/media?parent=2156"}],"curies":[{"name":"wp","href":"https:\/\/api.w.org\/{rel}","templated":true}]}}